{"id":2,"date":"2020-03-04T15:11:57","date_gmt":"2020-03-04T15:11:57","guid":{"rendered":"https:\/\/andrekieboom.nl\/?page_id=2"},"modified":"2020-09-15T09:23:41","modified_gmt":"2020-09-15T09:23:41","slug":"alles-over-andre-kieboom","status":"publish","type":"page","link":"https:\/\/andrekieboom.nl\/","title":{"rendered":"Alles over Andr\u00e9 Kieboom"},"content":{"rendered":"<h2><img loading=\"lazy\" decoding=\"async\" class=\"alignleft size-medium wp-image-30\" src=\"https:\/\/andrekieboom.nl\/wp-content\/uploads\/2020\/09\/HaringParty201120114-199x300.jpg\" alt=\"\" width=\"199\" height=\"300\" srcset=\"https:\/\/andrekieboom.nl\/wp-content\/uploads\/2020\/09\/HaringParty201120114-199x300.jpg 199w, https:\/\/andrekieboom.nl\/wp-content\/uploads\/2020\/09\/HaringParty201120114.jpg 319w\" sizes=\"(max-width: 199px) 100vw, 199px\" \/>Timmerman en metselaar<\/h2>\n<p>Na de LTS begon Andr\u00e9 Kieboom aan zijn loopbaan als metselaar en timmerman. Op een bepaald moment besloot hij zich verder in de bouwsector te ontwikkelen en is hij gaan studeren. \u201cOp mijn dertigste begon ik met studeren. Ik heb een groot verantwoordelijkheidsgevoel en ik wilde meer grip krijgen op het bouwproces. Ik heb mijn aannemerspapieren gehaald en daarnaast studeerde ik Bedrijfskunde. Ik studeerde voornamelijk in de avonduren, zodat ik overdag gewoon kon werken.\u201d Andr\u00e9 Kieboom deed ervaring op bij verschillende bouwbedrijven en heeft zich uiteindelijk opgewerkt tot directeur van een bouwbedrijf.<\/p>\n<h2>Eigen bouwbedrijf<\/h2>\n<p>In 2011 gaat <a href=\"https:\/\/www.vastgoedmensen.nl\/andre-kieboom\/\">Andr\u00e9 Kieboom het ondernemerschap<\/a> aan. \u201cIk had op de LTS al de ambitie om een eigen onderneming te starten, maar ik dacht dat het nooit voor mij was weggelegd. Na inmiddels wat ervaring te hebben opgedaan en gestudeerd te hebben, startte ik in 2011 toch mijn eigen bouwbedrijf.\u201d Het bouwbedrijf liep vanaf het eerste moment goed, maar helaas moest Andr\u00e9 Kieboom zich in 2018 toch failliet laten verklaren. \u201cik had genoeg opdrachten, maar door marktomstandigheden konden materialen niet altijd op tijd geleverd worden en stegen de prijzen aanzienlijk. Ook had ik personeel tekort. Mijn bedrijf was in een te korte tijd te snel gegroeid en dat heeft me, in combinatie met de marktomstandigheden, helaas de kop gekost.\u201d<\/p>\n<h2>A.C.H. Bouw- en Management<\/h2>\n<p>Andr\u00e9 Kieboom is niet bij de pakken neer gaan zitten. In overleg met zijn curator is hij weer voor zichzelf begonnen, maar ditmaal verhuurt hij zichzelf als hoofd productie aan bouwbedrijven. \u201cMet A.C.H. Bouw- en Management voer ik projectleidersopdrachten uit. Ik focus me dan voornamelijk op het aansturen van bouwprojecten.<\/p>\n<p>Ik doe een stukje calculatiewerk, maar eigenlijk omdat het bedrijf een tekort heeft aan calculators. Daarnaast stuur ik de werkvoorbereiding en projectleiding aan en ondersteun ik de directie.\u201d Op dit moment werkt Andr\u00e9 Kieboom voornamelijk vanuit kantoor, maar in de toekomst is het de bedoeling dat hij meer aanwezig zal zijn op de bouwplaats voor meer betrokkenheid.<\/p>\n<h2>Onderwijs<\/h2>\n<p>Andr\u00e9 Kieboom is vijf jaar actief geweest in het onderwijs. Hij heeft onder andere lesgegeven op de opleiding HBO Bouwkunde op de Hogeschool Zeeland en op de Aannemersopleiding in Breda gaf hij het vak Commerci\u00eble Bedrijfsvoering. \u201cIk vind het erg leuk om voor de klas te staan, om maatschappelijk iets te kunnen bijdragen. Ik ben zelfs twee jaar directeur geweest van de Aannemersopleiding in Breda.\u201d Voor Andr\u00e9 Kieboom was het de ideale combinatie: overdag werken en \u2019s avonds voor de klas. \u201cMaar ik ben nu zesenvijftig jaar en ik weet niet of ik nog zestig tot zeventig uur per week kan maken. Ik focus me nu eerst op de bouwwerkzaamheden, want dat is mijn corebusiness.\u201d<\/p>\n","protected":false},"excerpt":{"rendered":"<p>Timmerman en metselaar Na de LTS begon Andr\u00e9 Kieboom aan zijn loopbaan als metselaar en timmerman. Op een bepaald moment besloot hij zich verder in de&#46;&#46;&#46;<\/p>\n","protected":false},"author":1,"featured_media":0,"parent":0,"menu_order":0,"comment_status":"closed","ping_status":"open","template":"","meta":{"footnotes":""},"yoast_head":"<!-- This site is optimized with the Yoast SEO plugin v24.5 - https:\/\/yoast.com\/wordpress\/plugins\/seo\/ -->\n<title>Alles over Andr\u00e9 Kieboom - Andr\u00e9kieboom.nl<\/title>\n<meta name=\"description\" content=\"Andr\u00e9 Kieboom is eigenaar van A.C.H. Bouw- en Management. Hij verhuurt zichzelf als hoofd productie aan andere bouwbedrijven.\" \/>\n<meta name=\"robots\" content=\"index, follow, max-snippet:-1, max-image-preview:large, max-video-preview:-1\" \/>\n<link rel=\"canonical\" href=\"https:\/\/andrekieboom.nl\/\" \/>\n<meta property=\"og:locale\" content=\"nl_NL\" \/>\n<meta property=\"og:type\" content=\"article\" \/>\n<meta property=\"og:title\" content=\"Alles over Andr\u00e9 Kieboom - Andr\u00e9kieboom.nl\" \/>\n<meta property=\"og:description\" content=\"Andr\u00e9 Kieboom is eigenaar van A.C.H. Bouw- en Management. Hij verhuurt zichzelf als hoofd productie aan andere bouwbedrijven.\" \/>\n<meta property=\"og:url\" content=\"https:\/\/andrekieboom.nl\/\" \/>\n<meta property=\"og:site_name\" content=\"Andr\u00e9 Kieboom\" \/>\n<meta property=\"article:modified_time\" content=\"2020-09-15T09:23:41+00:00\" \/>\n<meta property=\"og:image\" content=\"https:\/\/andrekieboom.nl\/wp-content\/uploads\/2020\/09\/HaringParty201120114-199x300.jpg\" \/>\n<meta name=\"twitter:card\" content=\"summary_large_image\" \/>\n<meta name=\"twitter:label1\" content=\"Geschatte leestijd\" \/>\n\t<meta name=\"twitter:data1\" content=\"2 minuten\" \/>\n<script type=\"application\/ld+json\" class=\"yoast-schema-graph\">{\"@context\":\"https:\/\/schema.org\",\"@graph\":[{\"@type\":\"WebPage\",\"@id\":\"https:\/\/andrekieboom.nl\/\",\"url\":\"https:\/\/andrekieboom.nl\/\",\"name\":\"Alles over Andr\u00e9 Kieboom - Andr\u00e9kieboom.nl\",\"isPartOf\":{\"@id\":\"https:\/\/andrekieboom.nl\/#website\"},\"primaryImageOfPage\":{\"@id\":\"https:\/\/andrekieboom.nl\/#primaryimage\"},\"image\":{\"@id\":\"https:\/\/andrekieboom.nl\/#primaryimage\"},\"thumbnailUrl\":\"https:\/\/andrekieboom.nl\/wp-content\/uploads\/2020\/09\/HaringParty201120114-199x300.jpg\",\"datePublished\":\"2020-03-04T15:11:57+00:00\",\"dateModified\":\"2020-09-15T09:23:41+00:00\",\"description\":\"Andr\u00e9 Kieboom is eigenaar van A.C.H. Bouw- en Management. Hij verhuurt zichzelf als hoofd productie aan andere bouwbedrijven.\",\"breadcrumb\":{\"@id\":\"https:\/\/andrekieboom.nl\/#breadcrumb\"},\"inLanguage\":\"nl-NL\",\"potentialAction\":[{\"@type\":\"ReadAction\",\"target\":[\"https:\/\/andrekieboom.nl\/\"]}]},{\"@type\":\"ImageObject\",\"inLanguage\":\"nl-NL\",\"@id\":\"https:\/\/andrekieboom.nl\/#primaryimage\",\"url\":\"https:\/\/andrekieboom.nl\/wp-content\/uploads\/2020\/09\/HaringParty201120114-199x300.jpg\",\"contentUrl\":\"https:\/\/andrekieboom.nl\/wp-content\/uploads\/2020\/09\/HaringParty201120114-199x300.jpg\"},{\"@type\":\"BreadcrumbList\",\"@id\":\"https:\/\/andrekieboom.nl\/#breadcrumb\",\"itemListElement\":[{\"@type\":\"ListItem\",\"position\":1,\"name\":\"Home\",\"item\":\"https:\/\/andrekieboom.nl\/\"},{\"@type\":\"ListItem\",\"position\":2,\"name\":\"Alles over Andr\u00e9 Kieboom\"}]},{\"@type\":\"WebSite\",\"@id\":\"https:\/\/andrekieboom.nl\/#website\",\"url\":\"https:\/\/andrekieboom.nl\/\",\"name\":\"Andr\u00e9 Kieboom\",\"description\":\"\",\"potentialAction\":[{\"@type\":\"SearchAction\",\"target\":{\"@type\":\"EntryPoint\",\"urlTemplate\":\"https:\/\/andrekieboom.nl\/?s={search_term_string}\"},\"query-input\":{\"@type\":\"PropertyValueSpecification\",\"valueRequired\":true,\"valueName\":\"search_term_string\"}}],\"inLanguage\":\"nl-NL\"}]}<\/script>\n<!-- \/ Yoast SEO plugin. -->","yoast_head_json":{"title":"Alles over Andr\u00e9 Kieboom - Andr\u00e9kieboom.nl","description":"Andr\u00e9 Kieboom is eigenaar van A.C.H. Bouw- en Management. Hij verhuurt zichzelf als hoofd productie aan andere bouwbedrijven.","robots":{"index":"index","follow":"follow","max-snippet":"max-snippet:-1","max-image-preview":"max-image-preview:large","max-video-preview":"max-video-preview:-1"},"canonical":"https:\/\/andrekieboom.nl\/","og_locale":"nl_NL","og_type":"article","og_title":"Alles over Andr\u00e9 Kieboom - Andr\u00e9kieboom.nl","og_description":"Andr\u00e9 Kieboom is eigenaar van A.C.H. Bouw- en Management. Hij verhuurt zichzelf als hoofd productie aan andere bouwbedrijven.","og_url":"https:\/\/andrekieboom.nl\/","og_site_name":"Andr\u00e9 Kieboom","article_modified_time":"2020-09-15T09:23:41+00:00","og_image":[{"url":"https:\/\/andrekieboom.nl\/wp-content\/uploads\/2020\/09\/HaringParty201120114-199x300.jpg","type":"","width":"","height":""}],"twitter_card":"summary_large_image","twitter_misc":{"Geschatte leestijd":"2 minuten"},"schema":{"@context":"https:\/\/schema.org","@graph":[{"@type":"WebPage","@id":"https:\/\/andrekieboom.nl\/","url":"https:\/\/andrekieboom.nl\/","name":"Alles over Andr\u00e9 Kieboom - Andr\u00e9kieboom.nl","isPartOf":{"@id":"https:\/\/andrekieboom.nl\/#website"},"primaryImageOfPage":{"@id":"https:\/\/andrekieboom.nl\/#primaryimage"},"image":{"@id":"https:\/\/andrekieboom.nl\/#primaryimage"},"thumbnailUrl":"https:\/\/andrekieboom.nl\/wp-content\/uploads\/2020\/09\/HaringParty201120114-199x300.jpg","datePublished":"2020-03-04T15:11:57+00:00","dateModified":"2020-09-15T09:23:41+00:00","description":"Andr\u00e9 Kieboom is eigenaar van A.C.H. Bouw- en Management. Hij verhuurt zichzelf als hoofd productie aan andere bouwbedrijven.","breadcrumb":{"@id":"https:\/\/andrekieboom.nl\/#breadcrumb"},"inLanguage":"nl-NL","potentialAction":[{"@type":"ReadAction","target":["https:\/\/andrekieboom.nl\/"]}]},{"@type":"ImageObject","inLanguage":"nl-NL","@id":"https:\/\/andrekieboom.nl\/#primaryimage","url":"https:\/\/andrekieboom.nl\/wp-content\/uploads\/2020\/09\/HaringParty201120114-199x300.jpg","contentUrl":"https:\/\/andrekieboom.nl\/wp-content\/uploads\/2020\/09\/HaringParty201120114-199x300.jpg"},{"@type":"BreadcrumbList","@id":"https:\/\/andrekieboom.nl\/#breadcrumb","itemListElement":[{"@type":"ListItem","position":1,"name":"Home","item":"https:\/\/andrekieboom.nl\/"},{"@type":"ListItem","position":2,"name":"Alles over Andr\u00e9 Kieboom"}]},{"@type":"WebSite","@id":"https:\/\/andrekieboom.nl\/#website","url":"https:\/\/andrekieboom.nl\/","name":"Andr\u00e9 Kieboom","description":"","potentialAction":[{"@type":"SearchAction","target":{"@type":"EntryPoint","urlTemplate":"https:\/\/andrekieboom.nl\/?s={search_term_string}"},"query-input":{"@type":"PropertyValueSpecification","valueRequired":true,"valueName":"search_term_string"}}],"inLanguage":"nl-NL"}]}},"_links":{"self":[{"href":"https:\/\/andrekieboom.nl\/index.php\/wp-json\/wp\/v2\/pages\/2"}],"collection":[{"href":"https:\/\/andrekieboom.nl\/index.php\/wp-json\/wp\/v2\/pages"}],"about":[{"href":"https:\/\/andrekieboom.nl\/index.php\/wp-json\/wp\/v2\/types\/page"}],"author":[{"embeddable":true,"href":"https:\/\/andrekieboom.nl\/index.php\/wp-json\/wp\/v2\/users\/1"}],"replies":[{"embeddable":true,"href":"https:\/\/andrekieboom.nl\/index.php\/wp-json\/wp\/v2\/comments?post=2"}],"version-history":[{"count":4,"href":"https:\/\/andrekieboom.nl\/index.php\/wp-json\/wp\/v2\/pages\/2\/revisions"}],"predecessor-version":[{"id":31,"href":"https:\/\/andrekieboom.nl\/index.php\/wp-json\/wp\/v2\/pages\/2\/revisions\/31"}],"wp:attachment":[{"href":"https:\/\/andrekieboom.nl\/index.php\/wp-json\/wp\/v2\/media?parent=2"}],"curies":[{"name":"wp","href":"https:\/\/api.w.org\/{rel}","templated":true}]}}